te the highest common factor of 9 and n.
9
Let c = 43 + -26. Suppose m + 9 = -c. Let p = 50 + m. Calculate the greatest common divisor of p and 16.
8
Let n = -1 + 92. Let x = n - 51. What is the highest common divisor of 100 and x?
20
Suppose z - 6*z = -15. Let k = -16 + 28. Calculate the highest common divisor of k and z.
3
Suppose -20 = -0*y - 4*y. Let r(l) = 4*l + 1 + 8*l + 4. Let t be r(y). Calculate the highest common divisor of 26 and t.
13
Suppose -5*u + 5*n = -2*u - 235, 5*u - 5*n - 395 = 0. Calculate the greatest common divisor of 10 and u.
10
Let u(l) = -l**3 + 10*l**2 - 2*l - 7. Let c be u(9). What is the highest common factor of 14 and c?
14
Suppose -4*i + 3*h = -3*i - 10, 0 = -4*i - 5*h + 57. Calculate the highest common factor of 65 and i.
13
Let w be 26/8 - 3/12. What is the greatest common factor of 15 and w?
3
Suppose -2*j = -j, 50 = 5*d + 5*j. Suppose -4*m - 4*k = -420, 0*m + 3*k - 415 = -4*m. Calculate the greatest common divisor of m and d.
10
Suppose -2*h + 7 = -5. What is the highest common divisor of 15 and h?
3
Suppose -8*w + 3*w + 20 = 0. Calculate the greatest common divisor of 8 and w.
4
Let f(b) = b**3 + 8*b**2 + 3*b - 7. Suppose -2*m + m - 7 = 0. Let g be f(m). Calculate the greatest common factor of 7 and g.
7
Let l = 15 + -10. Suppose 0 = 2*c + l*v - 29, 7 + 18 = c - v. Suppose 3*i - 24 - 9 = 0. What is the greatest common factor of i and c?
11
Let o(c) = c**2 + c - 2. Suppose -9 = -b - 2*b. Let i be o(b). Calculate the highest common factor of i and 70.
10
Suppose -5*f + 48 = 2*n - 58, -3*n = 2*f - 148. What is the highest common divisor of 32 and n?
16
Let u be (4/(-5))/((-1)/10). Suppose -5*y + 2*a + 72 = -y, 5*y = -2*a + 72. What is the highest common factor of u and y?
8
Suppose 17*h + 24 = 21*h. What is the highest common factor of 48 and h?
6
Suppose a + 465 = -0*g + g, 5*a = -25. Calculate the highest common divisor of g and 20.
20
Let o(g) = 3*g + 18. Let a be o(12). What is the greatest common divisor of a and 6?
6
Suppose 0 = 2*w - 4*w + 28. Calculate the highest common factor of 70 and w.
14
Let t = -65 - -193. What is the highest common factor of 16 and t?
16
Suppose 3*a = 3*d + 48, 0 = 2*a - d - 11 - 18. What is the greatest common divisor of 52 and a?
13
Suppose 5*j - 359 = 3*u, -3*j - 5*u + 90 = -105. What is the greatest common divisor of 7 and j?
7
Let l = 15 - -18. What is the greatest common divisor of 11 and l?
11
Let j be -1 + 1 - (-30)/(-5). Let k(m) = -m**3 - 7*m**2 - 7*m + 4. Let g be k(j). What is the highest common factor of 50 and g?
10
Let r(m) = 21*m**3 + m - 2. Let d be r(1). What is the highest common divisor of d and 8?
4
Suppose -k = 3*k - 12. Suppose 0 = -j + 6*j - o - 275, k*j = o + 165. Calculate the highest common divisor of j and 11.
11
Suppose 0 = 2*h - 1 - 215. What is the greatest common factor of 72 and h?
36
Let m(g) = g**2 + 10*g + 7. Let h be m(-9). Let q(w) = 5*w**2 - w - 1. Let d be q(h). What is the greatest common divisor of 3 and d?
3
Suppose 2*u = w + 3*u - 10, 3*w = 3*u + 6. Let q be (-4)/(8/(-6)) - 5. Let i be q/2 - (-366)/6. Calculate the greatest common divisor of w and i.
6
Let x(z) = z**2 + 15*z + 10. Let s be x(-15). Calculate the greatest common divisor of s and 4.
2
Let u(j) = -8*j - 20. Let k be u(-8). Calculate the highest common factor of 11 and k.
11
Let f(d) = 6*d**2 + d - 5. Let r be f(-5). Suppose -7*q + 2*q = -r. Let j = 163 - 93. Calculate the greatest common factor of q and j.
14
Let r be (-2)/(-5) + (-140)/(-25). Let x be (10/(-3))/(r/(-9)). What is the greatest common factor of x and 5?
5
Let n(v) = 2*v**2 + 10*v + 7. Let d be n(-6). What is the greatest common factor of 57 and d?
19
Let y = -8 - -16. Let l be (-3)/9 + (-291)/(-9). What is the highest common factor of l and y?
8
Let r(c) = -c**3 - 2*c**2 - 2*c + 1. Let v be r(-2). Let o = -15 - -16. Calculate the highest common divisor of o and v.
1
Suppose 0 = 3*l - k - 12, -4*k - 7 = -2*l + 1. Let z = 12 + 8. What is the highest common divisor of z and l?
4
Suppose 4*p - 5 = -p. Let g be p - (6 - (-1 - 1)). Let c(f) = -2*f - 7. Let z be c(g). Calculate the highest common divisor of 1 and z.
1
Let p = -9 + 13. Suppose c = 2*c + 4. Let s be 381/12 + (-1)/c. Calculate the greatest common factor of s and p.
4
Let t be (-3 - 2/(-2)) + 10. Let a be (-4)/6*(-178 + 1). Suppose -2*p = -2*c + 4*c - a, 227 = 4*c + p. Calculate the highest common factor of c and t.
8
Let j(v) = -v**3 - 2*v**2 + 2*v + 40. Let w be j(0). Calculate the highest common factor of 8 and w.
8
Suppose 0 = -5*s - 4*w + 520, -4*s = -2*w - 179 - 211. Calculate the highest common divisor of 20 and s.
20
Let s = -7 + 7. Suppose s = 3*y - 5*i - 118, 2*y - 3*y + i + 38 = 0. Calculate the highest common factor of y and 4.
4
Let c be (14/(-5))/((-8)/40). Calculate the highest common factor of c and 14.
14
Let q = 296 - 186. What is the greatest common divisor of 10 and q?
10
Let x = 123 - 39. What is the highest common divisor of 24 and x?
12
Let p be -1 - (-5)/(10/82). Suppose 45 = 3*j + 3*z - 0*z, -4*j + 2*z = -30. Calculate the greatest common divisor of p and j.
10
Let n(w) = w**3 - 3*w**2 - 3. Let o be n(4). Suppose 2 - o = -s. What is the highest common factor of 110 and s?
11
Let y = -21 + 41. What is the highest common divisor of 12 and y?
4
Suppose -9*p + 2*p + 252 = 0. Calculate the greatest common divisor of 12 and p.
12
Let w = -11 - 2. Let a = 21 + w. Calculate the greatest common factor of 8 and a.
8
Suppose -125 = g + 58. Let f be g/(-21) - (-2)/7. Calculate the highest common factor of f and 36.
9
Suppose 5*m - 10 - 20 = 0. Suppose 0 = -4*s + m + 18. Calculate the greatest common factor of s and 6.
6
Suppose 2*v + 2*v - 16 = 0. Let f(s) = 11*s + 4. Let m be f(3). Suppose v*n - 31 = m. Calculate the highest common factor of n and 51.
17
Let k = 1 - -10. Suppose -h - 5 + k = 0. Let c be 6 - 0/(5 + 2 + -5). Calculate the greatest common factor of h and c.
6
Let r be 10/(-15)*6*(-3)/3. What is the greatest common divisor of r and 28?
4
Suppose -u = 7 + 6. Let z = u + 25. What is the greatest common factor of z and 30?
6
Let h = 17 - -27. Suppose c - h = 36. What is the greatest common factor of c and 10?
10
Let c be 118*5/6 - (-12)/18. What is the highest common factor of 9 and c?
9
Suppose h - 19 = -4*b, -3*b + 27 = -0*h + 5*h. Calculate the greatest common factor of h and 9.
3
Let j = 37 - 23. Let u = j - 2. What is the highest common factor of 12 and u?
12
Let d = 31 + -27. What is the greatest common divisor of 2 and d?
2
Suppose -5*b + 5 = 0, -b = -4*s + 3*b + 48. Suppose 0 = 4*u + s - 33. What is the highest common factor of u and 20?
5
Suppose -3*m = -4*m + 36. Suppose -4*k = 0, -3*t = -4*t - 5*k + m. Let f be (-2)/(-1 - (-2)/4). Calculate the greatest common factor of t and f.
4
Suppose -3*b = -11 - 7. Calculate the greatest common factor of 36 and b.
6
Let w be 1/(3/6) + 4. Let c(t) = 2*t**3 - 8*t**2 + 8*t - 5. Let j be c(w). What is the highest common divisor of j and 17?
17
Suppose -8*o + 119 + 57 = 0. Calculate the greatest common divisor of 154 and o.
22
Let m(t) = -2*t. Suppose 0*y = -y - 7. Let a = -11 - y. Let f be m(a). What is the greatest common factor of f and 2?
2
Let f(g) = 3 + 4*g + g**2 - 6*g + 2*g. Let p be f(-3). Calculate the highest common factor of 12 and p.
12
Suppose -2*u = 2*b + 118, -4*u + 194 - 64 = -2*b. Let h be (-3 + -1)*(2 + b). Let z = h + -110. Calculate the greatest common factor of 14 and z.
14
Let w be (-5306)/(-63) - 6/27. What is the highest common factor of 36 and w?
12
Let b = 117 - 0. Suppose -4*n - 21 + b = 0. Suppose 0 = 4*j - j - n. Calculate the highest common factor of j and 56.
8
Suppose j - v + 1 = 0, 41 = 4*j + 3*v + 2*v. Let f = j + -4. Suppose f*g - 2*g = -14. Calculate the greatest common factor of g and 14.
7
Let g(s) = -s - 9. Let u be g(0). Let k be u/(-6) + 135/2. Calculate the highest common factor of 23 and k.
23
Suppose t = -1, 2*t - 3*t = 5*n + 76. Let k = -3 + n. Let g be 7*(k/7)/(-3). Calculate the greatest common factor of 54 and g.
6
Let z be ((-8)/6 - -3)*9. Calculate the greatest common factor of z and 15.
15
Let n(l) = 2*l + 20. Let v be n(0). Calculate the highest common factor of 5 and v.
5
Let j = -143 + 151. What is the greatest common diviso